s digit of 5 + -12*(-1040)/z?
3
Suppose 63*v = 129*v - 1500669 - 2009541. What is the thousands digit of v?
3
Suppose 9 = -2*o - 17. Suppose -136*r + 264 = -160*r. Let s = r - o. What is the units digit of s?
2
Let j(x) = x**3 + 10*x**2 + 95*x - 3. What is the hundreds digit of j(13)?
1
Let s(z) = -z**3 - 2*z**2 + 2*z + 2. Let j be s(0). Suppose -287 = j*c - 3*c. Suppose -c + 72 = -5*b. What is the units digit of b?
3
Let s(c) be the third derivative of 37*c**4/24 + 31*c**3/3 + c**2 + 9. What is the hundreds digit of s(11)?
4
Suppose -2*q + 294*a + 6748 = 299*a, a + 6772 = 2*q. What is the hundreds digit of q?
3
Let q(h) be the third derivative of -3*h**4/8 - 19*h**3/2 - h**2 + 13. What is the units digit of q(-16)?
7
Let o(h) = 1163*h**2 - 2*h - 4. What is the tens digit of o(-2)?
5
Let y be (-9)/(-21) + 0 + 218/14. Suppose -y = -4*m, -w = 2*m - 17 + 2. What is the units digit of w?
7
Let p = -12927 + 22223. What is the units digit of p?
6
Let c(n) = -n**3 - 21*n**2 - 20*n + 4. Let s be c(-20). Suppose -u + 1098 = s*z, -4*z + 524 + 568 = -2*u. What is the hundreds digit of z?
2
Let f = 10488 + -7367. What is the hundreds digit of f?
1
Let f(z) = -z**2 - 14*z + 2. Let v be f(-6). Let b = -48 + v. Suppose 3*o - 182 = -q, -b*o + 5*o + 3*q - 192 = 0. What is the units digit of o?
9
Let b(r) = 77*r**3 + 4*r**2 - 3*r. Let w be b(3). Suppose 0 = 17*y - 14*y - w. Suppose 20*l = 11*l + y. What is the tens digit of l?
7
What is the units digit of (-5 + -2 - -6) + 2 + 4577?
8
Let v be (356 - 2)*(-4)/(-12). Let b = 281 - v. What is the hundreds digit of b?
1
Let f = -42 - -38. Let q be -3 - f*(-103)/2. Let j = q - -320. What is the tens digit of j?
1
Let y(r) = r**3 + 16*r**2 - 13*r + 73. Let g be y(-17). Suppose -i + 375 = -2*f + 4*f, 2*f = -g*i + 1859. What is the units digit of i?
1
Let j(a) = a**2 - 4*a + 129. Let m be j(-23). Let x = m + -259. What is the hundreds digit of x?
4
Let k be (8 - 7 - -2) + -7. What is the units digit of 757 + (4 - (k - -14))?
1
Let v(f) = -f**2 - 23*f + 33. Let g be v(-24). Suppose g*x + 2595 = 11235. Suppose -c + x = 9*c. What is the units digit of c?
6
Let a be (3 + 80/(-6))/(3/(-54)). Suppose 4*z - 4*f - 16 = -6*f, 5*f = 5*z - 35. Suppose a = -2*s + z*s. What is the units digit of s?
2
Suppose 6*s - 39*s + 482668 = 9514. What is the ten thousands digit of s?
1
Let w(p) = 3*p + 47. Let n(y) be the third derivative of y**5/60 + 3*y**4/8 + 2*y**3/3 + 23*y**2. Let h be n(-6). What is the units digit of w(h)?
5
Suppose 5*y + 29 = 9. Let s(u) = -6*u**3 + 2*u**2 + 6*u + 27. What is the hundreds digit of s(y)?
4
Suppose 5*j - 606 = -o, j - 2481 = -2*o - 2*o. Suppose -4*y = -z - o, -3*y = -z - 3*z - 456. What is the tens digit of y?
5
Let g = -13380 + 14019. What is the hundreds digit of g?
6
Suppose 0 = 5*h - 67 + 2. Suppose -h*l = -14 + 131. What is the units digit of (-159)/l - 4/6?
7
Suppose 8*p - 1983 = -5*x + 4*p, x - 3*p - 389 = 0. Suppose 67*v - 72*v + x = 0. What is the tens digit of v?
7
Let y = 1310 - 1205. Suppose 3*a - 3*q = 216, 2*q = -3*a + q + 224. Let d = y - a. What is the tens digit of d?
3
Suppose -2*n + 75 + 23 = 0. Suppose -4*x + u + n = -89, 3*x = 2*u + 101. Suppose x*t = 40*t - 210. What is the tens digit of t?
4
Suppose 12*i + 4550 = 22*i. Let a = i - 12. What is the tens digit of a?
4
Suppose 5*m + d = 68, 0 = -m + 4*m + 5*d - 32. Let o be 12/28 + 92/m. Suppose -152 = -9*i + o*i. What is the tens digit of i?
7
Suppose -219*d = -4*o - 222*d + 914, -3*d - 1102 = -5*o. What is the hundreds digit of o?
2
Let m be 4 + ((-13)/3 - 3/(-9)). Suppose m = -7*z + 3*z - 8, -h = -4*z - 468. What is the hundreds digit of h?
4
Suppose 5*g = -4*r + 3127, 0 = -6*r + r - 4*g + 3920. Let k = r + -288. What is the units digit of k?
0
Let c = -82 - -85. Suppose -11 = -2*m - 5*b, b - 8 = -3*m + 2*b. Suppose 0 = c*a - 0*j - m*j - 132, a - 32 = -3*j. What is the tens digit of a?
4
Let m(g) = -g**3 - 29*g**2 - 53*g - 38. Let l be m(-26). Let v = l + 2113. What is the thousands digit of v?
1
Let s(c) = 403*c**3 - 23*c**2 - 6. What is the thousands digit of s(2)?
3
Let z(l) = -81*l - 99. Suppose -4*n - 7 = -114*m + 115*m, m = 5*n - 25. What is the thousands digit of z(m)?
1
Suppose 3*f + 9 = 0, -104*i + 109*i - 2*f - 531 = 0. What is the units digit of i?
5
Let d be (-64)/(-40)*15/6. Suppose 5*u + 1227 = 3*z + 8*u, -5*u = d*z - 1632. What is the units digit of z?
3
Let u(h) = -h**2 - 8*h - 15. Let i be u(-7). Let w be (-168)/(-15) + i/(-10). Suppose w = f - 2. What is the units digit of f?
4
Suppose 36 = -5*n + 17*n. Suppose -n*w - 6*w = -531. Suppose b - 5*a + w = 175, -a = 5*b - 606. What is the hundreds digit of b?
1
Let c(u) be the second derivative of -u**3/2 - 9*u**2 - u. Let v = 862 - 873. What is the tens digit of c(v)?
1
Let a = 13320 - 7588. What is the units digit of a?
2
Suppose -5*o + 4*j = -22 + 6, 4*j = -16. Suppose -t + 6*t - 2050 = o. What is the hundreds digit of t?
4
Let t = -6898 - -13125. What is the thousands digit of t?
6
Let i(b) = 48*b + 6. Let v be i(-1). Let p be v/6*(-1)/(-2)*-2. Suppose 2*y - p*y - 3*h = -535, 0 = 5*y + 5*h - 545. What is the hundreds digit of y?
1
Let n = -162 + 163. What is the hundreds digit of 3 + ((-9380)/(-20) - n*-5)?
4
What is the hundreds digit of (-28 - (-671360)/(-100))/(6/(-20))?
4
Let b(g) = -5*g - 19. Let u(l) = -234 - 3*l - 8*l + 195. Let z(h) = -9*b(h) + 4*u(h). What is the units digit of z(10)?
5
Let c = -1215 + 263. Let i = 1455 + c. What is the tens digit of i?
0
Let i(l) = 46*l**2 + 43*l + 414. What is the units digit of i(-8)?
4
What is the tens digit of (-396)/36*((-328)/(-6))/((-6)/27)?
0
Let w be ((-5)/2)/(1/196). Let n = -3010 - -2824. Let y = n - w. What is the hundreds digit of y?
3
Suppose 48*n - 1666188 - 939766 = 777182. What is the ten thousands digit of n?
7
Let v = -254 + 282. Suppose -32*t + 2528 = -v*t. What is the units digit of t?
2
Suppose 0 = -2*w - 3*h + 25, -8*w - 3*h + 33 = -5*w. Suppose -w*z + 3317 = -1523. What is the tens digit of z?
0
Suppose 0*y - 7*y + 7 = 0. What is the units digit of (-668)/(-10)*((-32)/(-8) + y)?
4
Suppose -5*q - 3*l = -21284, 248*l - 249*l = -4*q + 17034. What is the hundreds digit of q?
2
Let t(z) = z**3 - 2*z**2 + 1. Let v be t(1). Let m be -2 + -1 + v + 9. Let c = 157 - m. What is the hundreds digit of c?
1
Suppose -1 = -4*a + 7. Suppose -a*h = -10 + 22. What is the hundreds digit of h/(-4)*114*30/27?
1
Let j = -3524 - -47460. What is the thousands digit of j?
3
Suppose -1494 = -37*z - 384. Suppose 18 = k - 2*k. Let d = z + k. What is the units digit of d?
2
What is the tens digit of 1*(14504813/1926 + (-1)/18)?
3
Let h be 774/2 - (-1 + 1 - 1). Suppose -11*p - h = -13*p. Let x = -62 + p. What is the units digit of x?
2
Suppose d = 13*t - 19*t + 112504, -5*t + 3*d = -93761. What is the ten thousands digit of t?
1
Suppose 0 = -20*j + 192047 - 30244 + 71157. What is the units digit of j?
8
Suppose -2*s = -4*s + 2*x + 24, 5*x = -5*s + 70. Suppose s = p - 297. What is the units digit of p?
0
What is the tens digit of 7*((-152352)/84)/(-4)?
7
Suppose -5*l + 95 = 4*i - 156, 4*l - 325 = -5*i. Let d = i - 67. What is the units digit of d/(-13) + 308/143?
2
Let g = -1685 - -8496. What is the hundreds digit of g?
8
What is the tens digit of -32 - 174/(-6) - 1*-29879?
7
Suppose 0 = 2*f + 2*w - 13394, -101*f - 20107 = -104*f + w. What is the tens digit of f?
0
Let o(x) = 14*x - 3. Let s be o(3). Suppose 19 = -5*k + s. Suppose 2*r - n = 263, k*n - 8 = -28. What is the tens digit of r?
2
Let q(c) = -17189*c + 4512. What is the thousands digit of q(-3)?
6
Suppose 3*i + 27 = 291. Suppose 952 = 5*f - i. What is the tens digit of f?
0
Suppose 2*q + 7 - 3 = 0. Let l be (q/(-8))/((-4)/(-80)). Suppose 0 = n + 5*x - 52, -2*n + 109 = -0*x + l*x. What is the units digit of n?
7
Let o(z) = -1263*z - 3429. What is the hundreds digit of o(-50)?
7
Suppose 137 - 32 = 21*n. Suppose z = -4*j + 999, -n*z = -z + 2*j - 3940. What is the tens digit of z?
8
Suppose -6*s = -12*s + 18. Suppose s*l + 1075 = v + 4*v, 4*v - l - 853 = 0. Suppose -5*n - v = -1217. What is the units digit of n?
1
What is the units digit of 7701 + (36/96*8 - 2*3)?
8
Let z(v) = 3*v + 108. Let y be z(-30). Suppose -y*h = 381 - 8427. What is the units digit of h?
7
Suppose